
Evaluate 7 + 0 - (64 + -61) - -4.
8
Evaluate -3 + (3 - 0 - 3).
-3
What is the value of -11 + 2 + (-75 - -73)?
-11
What is -2 + 9 + (12 - 14)?
5
What is the value of (-3 - -4) + (-6 - -11) + -3?
3
(6 - 1) + (0 - 8)
-3
What is the value of -1 + -6 - (-11 - -8)?
-4
1 + -7 + (-4 - (-2 - 4))
-4
What is -2 - 4 - (-6 + 10 + -6)?
-4
Evaluate -3 + (-2 - (6 + (0 - 0))).
-11
What is the value of 1 + (-4 - -5) + 3?
5
Evaluate -7 - (1 + -7 + (1 - -1)).
-3
Evaluate (10 - 12) + (-3 - -1).
-4
16 + 7 + -9 - 12
2
Calculate (2 + 3 - 5) + 2 + 1.
3
Calculate 59 - 64 - (3 - -1).
-9
-8 + (10 - 5) - (-2 + 2)
-3
(-8 - -11) + -1 + -4
-2
0 + (-1 - -2) + -118 + 122
5
97 + -91 - (-2 - (-1 + -8))
-1
What is the value of -3 + 0 + 0 - 2?
-5
Calculate 12 - (-9 - -13) - 4.
4
-6 + 10 - 7 - (-3 + 4)
-4
What is the value of -2 - (0 - (-1 + -2)) - -2?
-3
What is (1 - (3 - 2)) + -2?
-2
What is the value of (-3 - -4) + 1 + -2 + 3?
3
What is -3 + (1 - 1 - -2 - -7)?
6
Evaluate (-40 + 36 - (1 - 2)) + 3.
0
What is the value of -3 - (-1 + -1 - -2)?
-3
4 - (-9 - -6) - 2
5
What is 53 - 56 - (-15 - (1 - 4))?
9
What is (8 + -7 - (-2 - -5)) + 2?
0
What is 3 - (10 + (-4 - 7))?
4
What is the value of 4 + 1 + 14 + -14?
5
What is the value of 0 - 1 - -1 - 4?
-4
Calculate 0 - (4 + -4 + -3).
3
What is the value of 2 + 6 + (-2 - 1) - -3?
8
Calculate 18 + -3 - 2 - 5.
8
What is 1 + -2 + 0 - (0 + -6)?
5
Calculate 1 + 6 + (-5 - 1).
1
Evaluate -4 - (4 - 7) - (-19 - -22).
-4
Calculate 4 - ((-1 - -2) + -1).
4
1 - (-9 + (10 - 5))
5
What is -138 + 124 - (-8 - -1)?
-7
Evaluate 7 + (3 - (8 + 10)).
-8
4 + (2 - 0) + -6 + 2
2
Evaluate 9 + -6 + (1 - 2).
2
What is the value of (2 - 3) + 4 + 1?
4
Evaluate 0 - (0 + 0 + -6).
6
What is the value of 1 - 0 - (0 + 0 - -1)?
0
10 - 7 - (0 - (-2 - 0))
1
What is the value of -8 + (-1 - (-11 + 5 + 3))?
-6
What is the value of (-3 + 3 - 2) + -49 + 45?
-6
What is 11 + -19 + 6 - (0 - -5)?
-7
Calculate -4 - (-2 + -5 - -7).
-4
3 - (-3 - -1 - -4)
1
Evaluate -2 - ((5 - 1) + -4).
-2
Evaluate 2 + -3 - -3 - -3.
5
Calculate -5 + (-7 - 0) - -8.
-4
What is the value of 0 + 7 + -14 - -1?
-6
What is -12 + 0 + 1 + 6?
-5
Calculate -1 + 2 + -6 + (-70 - -82).
7
What is the value of 1 + -4 - -5 - (0 - 1)?
3
Evaluate -4 + -4 + 10 + (-1 - 0).
1
Evaluate 0 - -2 - (-1 + 3) - 2.
-2
What is (-10 - -5) + 2 + (11 - 3)?
5
Evaluate 3 + (1 - -2) + (-1 - 0).
5
Evaluate 4 - (3 - (-2 - 0 - -3)).
2
Calculate -1 + -1 + (-5 - -4) - 0.
-3
What is 22 + -19 + 1 + (-7 - -3)?
0
Calculate -11 + (6 - -13) + -10.
-2
Calculate (1 - 6) + (10 - 8) + 1.
-2
Evaluate 4 + (9 - 6) + (8 - 14).
1
What is -8 + 21 + -9 + 4?
8
What is 1 + 4 + -4 - 6?
-5
Calculate (7 - 6) + (1 - (1 + 1)).
0
Evaluate (2 - -4) + (37 - 43) + 0.
0
Calculate 3 - 1 - (-67 + 74).
-5
Evaluate 6 + 4 + (7 - 9).
8
Calculate 7 + (4 - 12) - 2.
-3
Evaluate 14 + (-6 - -1) + -4 + -1.
4
3 + (-8 - -2) + 7
4
2 + 11 + (-7 - 7)
-1
What is -8 - (-4 + 4) - (-2 - 0)?
-6
Calculate 2 - ((4 - 7) + (2 - -4)).
-1
(-6 + 0 - -4) + 3
1
Calculate (0 - 4) + 3 - (-2 - -1).
0
Calculate 7 - 12 - ((3 - 2) + -9).
3
What is the value of (0 + 0 - -3) + -38 + 33?
-2
Evaluate -6 + (2 - (-5 + (-5 - -10))).
-4
What is the value of 12 + -6 + (2 - (-2 - -3))?
7
Calculate -2 - 1 - -2 - -2.
1
What is 6 + (-4 - -2) + 1 + -4?
1
4 + -3 - (1 + 0)
0
What is the value of -7 - ((5 - 23) + (1 - -2))?
8
-3 - (6 - 7) - (3 + 2)
-7
(1 - (6 - 3 - 0)) + 3
1
What is the value of 15 + -8 - (-3 + 2 + 13)?
-5
Calculate -16 + 5 + 6 + 1 + 5.
1
What is the value of -3 + (8 - 5 - 4)?
-4
What is -3 + -1 + (0 - -11) - 14?
-7
3 + 4 + -9 - (1 + -1)
-2
Calculate 6 - (7 - 1 - 1).
1
Evaluate (2 - -4) + (-11 - 0).
-5
(6 - 4 - 3) + 3
2
What is the value of ((-5 - -4) + 5 - 3) + 6?
7
Calculate (-7 + (8 - 4) - 2) + 14.
9
Evaluate 9 + -3 + 4 + -7.
3
What is 1 - (-4 - (-2 + 6))?
9
3 + (-6 - -9) + (0 - 3)
3
(-8 - (5 - 22)) + -12
-3
Evaluate (-8 - -5) + (-2 + 4 - -4).
3
Calculate 1 + -3 + (1 - 0) - 5.
-6
Calculate (11 - (7 - 6)) + (-4 - 0).
6
What is the value of 3 + -2 + (-2 + 1 - 0)?
0
What is the value of (3 - -1 - -4) + -6 - 6?
-4
Calculate -2 - -8 - (10 - (5 - 1)).
0
Evaluate (7 + -13 - (-4 + -1)) + 2.
1
-5 - ((-5 - 2 - -2) + -6)
6
Calculate 34 + -38 - (1 - 1).
-4
Calculate 1 + 7 + -24 + (-10 - -22).
-4
What is 1 + 0 + 24 + -25?
0
Evaluate 7 + -15 + (4 - -6).
2
Evaluate 3 + (-2 - -8 - 7).
2
Evaluate 4 + (-9 - -5) + (-11 - -2).
-9
Evaluate -4 + 0 + 2 + 0 + 4.
2
Calculate (-1 - 3) + (14 - (5 - -3)).
2
What is the value of 1 + 4 - (11 + 2 + -4)?
-4
What is 6 + -5 + -8 - -1 - -4?
-2
What is 1 - 1 - ((-5 - -2) + 3)?
0
Evaluate 0 + (-2 - 4) - 2.
-8
Evaluate 1 + -4 + -1 + (-2 - -4).
-2
Calculate 7 - 6 - (-3 + (1 - -6)).
-3
Calculate 6 + -9 + -2 + (-3 - -12).
4
Evaluate -225 + 230 + (1 + -1 - 8).
-3
What is -2 - 1 - (-1 + (-4 - -12))?
-10
Evaluate 0 - (7 - 2) - (-6 - -5).
-4
Calculate -7 + -2 - (3 - 10).
-2
Calculate 12 + (-14 + 5 - -1).
4
What is the value of 9 + -2 + (-3 - 0)?
4
(5 - (1 - (4 - 4))) + -7
-3
Calculate -1 + 9 + -1 - 2.
5
Evaluate -8 + (2 - -6) + -5.
-5
What is the value of (6 - (2 + -3)) + -1?
6
What is 1 - 2 - (-6 - -2)?
3
Calculate 16 + -7 + 6 + -7.
8
What is the value of (7 - (18 + -3)) + 13?
5
-4 + (6 - (-4 - 1))
7
Calculate 5 + (3 - 1) + (-7 - -4).
4
What is the value of -5 - (3 - 8 - 5)?
5
What is (7 - 1) + -7 + -1?
-2
-1 + (-19 + 23 - (-6 + 0))
9
(-2 - 1) + 0 + (80 - 83)
-6
Evaluate 3 - ((5 - 1) + 4) - 2.
-7
What is the value of 31 - 37 - (-4 - -1)?
-3
What is 0 + 2 + (0 - 2 - -5)?
5
-11 - (-6 - -5 - 5)
-5
What is -4 + (6 - (10 - 3))?
-5
Evaluate -14 + (-7 - (8 - 0 - 18)).
-11
What is the value of -4 + 5 + (3 - 5 - -2)?
1
Evaluate 2 + (-26 - -25 - (0 - 0)).
1
What is -1 - (1 + (-7 - -5) + 0)?
0
Evaluate (0 - 4 - (-10 - -9)) + 1.
-2
What is 0 + 3 + (-7 - -2)?
-2
(0 + 3 - (-2 - -7)) + 1
-1
Calculate -11 + (6 - 2) + -3 - -4.
-6
What is -7 - (2 - 12 - -6) - -3?
0
Calculate (13 - 4 - 3) + (-5 - -3).
4
7 + (5 - 16) + 3
-1
What is -11 - (-11 + 7 + -5 + 4)?
-6
Evaluate (10 - (-11 - -5)) + -11.
5
Evaluate 1 + 4 + 0 + -4.
1
Calculate 6 - (-3 + 2 - -4).
3
-1 - (3 + 0 + 0)
-4
(28 - 22) + 2 + -5 + 1
4
What is -6 + (16 - 0 - 7)?
3
What is -2 - (1 - (-5 - -2) - 1)?
-5
What is the value of 3 - (-1 - (2 - 8)) - -2?
0
What is the value of 1 + (5 - 7 - -4)?
3
Evaluate 6 + (-9 - (-8 - -4)) + 3.
4
(-4 - (3 - 3)) + -2
-6
Calculate 1 - -8 - (25 - 26).
10
-4 - (-1 - 3 - 7) - -1
8
What is 32 + -48 + -1 + 7 + 4?
-6
What is 1 - 6 - (-3 + -8 + 9)?
-3
What is the value of ((-7 - -1) + 1 - -1) + -3?
-7
What is the value of -6 - -3 - (-2 + 4)?
-5
Evaluate 2 + 6 - (-10 + 8 + 2).
8
What is the value of -9 + (10 - -14) - 24?
-9
What is (5 - (3 - 3)) + -1?
4
What is the value of -5 + (-1 - 0 - -5) + -1?
-2
Calculate -2 - (1 - (-6 - -3 - -7)).
1
2 + (2 + -3 - -6) + -3
4
Evaluate 0 + (4 - 1 - 3).
0
What is 7 + -13 + (3 - 1) - -2?
-2
Evaluate 4 + -1 + 0 + 2 + 0.
5
Evaluate -1 - -2 - 0 - (8 - 3).
-4
What is 1 + -3 + (-18 - -17)?
-3
Evaluate ((0 - 5) + -4 - -5) + 1.
-3
Evaluate -2 - (5 + -4) - -4.
1
What is (0 - -4) + (11 - 5) + -15?
-5
(-2 - 1) + (-10 - 0) + 2
-11
-3 - (8 + (-4 - 2) + 3)
-8
Evaluate 3 - (-6 - (3 + -13)).
-1
Evaluate -2 + (8 - 11 - (2 - 4)).
-3
What is the value of -3 + (19 - 19 - (-5 + 1))?
1
-9 - (2 - (6 - 5 - -4))
-6
3 - (-1 + (12 - 7))
-1
-1 + -1 + 24 + -24
-2
Evaluate (5 + -3 + 2 - 1) + 0.
3
What is the value of 8 + 3 - (-6 + 9 + 1)?
7
Calculate (-15 - (6 + (1 - 11))) + 1.
-10
Evaluate -5 + (-4 - (-3 - 9)).
3
2 + -2 - -2 - 7
-5
-39 + 31 - (-13 + 2 - -3)
0
What is -12 + 14 - (4 - 1)?
-1
Calculate 4 - (9 - (-1 + 1)).
-5
(10 - 0) + -5 - (0 - -1)
4
Calculate -1 - (-3 + -2 + 4).
0
Calculate -14 + 2 + 24 + -18.
-6
Evaluate -4 - (-2 - 4) - (-5 - -3).
4
Calculate -3 + (-3 - -8) + -2.
0
Evaluate (2 + 0 - 3) + 1.
0
What is -2 - (0 - -2) - (-39 - -39)?
-4
What is -7 + 3 - (-2 - -1)?
-3
Evaluate -3 - (-2 + (1 - -3)).
-5
Calculate 6 + (3 - 4 - (5 - 1)).
1
Calculate -2 + (3 - ((0 - -4) + 1)).
-4
Evaluate 6 + 4 + -6 - 1.
3
Calculate 2 + (15 - 15) - -2.
4
What is 13 + -3 - (-7 + 16)?
1
What is 56 + -64 + (0 - -5)?
-3
What is -8 + 8 - (-5 + 0)?
5
4 - (2 + 4 + 4 - 6)
0
Evaluate (1 - -2) + -3 - 0.
0
Calculate -4 + 11 + -2 + -2.
3
What is -2 + (1 - (-10 - -9))?
0
What is 2 + (1 - 3) + 2 - 3?
-1
What is the value of (0 - (10 + -5)) + 3?
-2
What is 